 the remainder when 27550 is divided by 91.
68
Calculate the remainder when 613817 is divided by 1102.
3
What is the remainder when 1008886 is divided by 707?
704
What is the remainder when 55384 is divided by 759?
736
Calculate the remainder when 14868 is divided by 64.
20
Calculate the remainder when 71814 is divided by 3416.
78
Calculate the remainder when 17468 is divided by 236.
4
Calculate the remainder when 10770 is divided by 490.
480
What is the remainder when 130794 is divided by 1211?
6
What is the remainder when 9157 is divided by 63?
22
Calculate the remainder when 7885 is divided by 240.
205
Calculate the remainder when 132698 is divided by 9478.
6
What is the remainder when 29901 is divided by 99?
3
What is the remainder when 23498 is divided by 340?
38
Calculate the remainder when 63365 is divided by 63348.
17
Calculate the remainder when 28048 is divided by 208.
176
Calculate the remainder when 12045 is divided by 2925.
345
What is the remainder when 417160 is divided by 17?
14
What is the remainder when 2944 is divided by 38?
18
What is the remainder when 37727 is divided by 72?
71
Calculate the remainder when 15716 is divided by 403.
402
Calculate the remainder when 8425 is divided by 2043.
253
What is the remainder when 12385 is divided by 2458?
95
Calculate the remainder when 41117 is divided by 37.
10
Calculate the remainder when 1313 is divided by 713.
600
What is the remainder when 421273 is divided by 982?
977
What is the remainder when 19443 is divided by 5?
3
Calculate the remainder when 1219 is divided by 483.
253
What is the remainder when 1243 is divided by 309?
7
Calculate the remainder when 16972 is divided by 62.
46
Calculate the remainder when 6084 is divided by 109.
89
What is the remainder when 9900 is divided by 515?
115
What is the remainder when 37597 is divided by 11?
10
Calculate the remainder when 23164 is divided by 150.
64
What is the remainder when 384650 is divided by 307?
286
What is the remainder when 892 is divided by 498?
394
Calculate the remainder when 1046 is divided by 123.
62
What is the remainder when 40283 is divided by 65?
48
Calculate the remainder when 80827 is divided by 22.
21
What is the remainder when 1838 is divided by 1657?
181
Calculate the remainder when 139061 is divided by 43.
42
What is the remainder when 3781 is divided by 3250?
531
What is the remainder when 639 is divided by 243?
153
What is the remainder when 357557 is divided by 10?
7
Calculate the remainder when 3974 is divided by 266.
250
What is the remainder when 2312 is divided by 144?
8
Calculate the remainder when 836 is divided by 248.
92
Calculate the remainder when 1617 is divided by 537.
6
What is the remainder when 17917 is divided by 192?
61
Calculate the remainder when 1998 is divided by 54.
0
What is the remainder when 5996 is divided by 76?
68
Calculate the remainder when 197244 is divided by 19721.
34
Calculate the remainder when 80275 is divided by 11.
8
Calculate the remainder when 93986 is divided by 63.
53
What is the remainder when 414018 is divided by 459?
0
What is the remainder when 288040 is divided by 84?
4
Calculate the remainder when 3702 is divided by 308.
6
Calculate the remainder when 1830 is divided by 1775.
55
Calculate the remainder when 318188 is divided by 106056.
20
Calculate the remainder when 630560 is divided by 102.
98
What is the remainder when 4896 is divided by 29?
24
What is the remainder when 140 is divided by 51?
38
Calculate the remainder when 60689 is divided by 328.
9
Calculate the remainder when 10348 is divided by 207.
205
What is the remainder when 3361 is divided by 3343?
18
Calculate the remainder when 5805 is divided by 17.
8
What is the remainder when 103871 is divided by 48?
47
What is the remainder when 2440 is divided by 273?
256
Calculate the remainder when 20451 is divided by 12.
3
What is the remainder when 8752 is divided by 141?
10
What is the remainder when 13178 is divided by 13?
9
What is the remainder when 537 is divided by 16?
9
What is the remainder when 2932 is divided by 1177?
578
What is the remainder when 278 is divided by 103?
72
Calculate the remainder when 95149 is divided by 161.
159
What is the remainder when 1887 is divided by 136?
119
Calculate the remainder when 126610 is divided by 101.
57
Calculate the remainder when 2326 is divided by 226.
66
What is the remainder when 142463 is divided by 382?
359
Calculate the remainder when 5368 is divided by 1072.
8
Calculate the remainder when 26673 is divided by 12.
9
Calculate the remainder when 23534 is divided by 52.
30
Calculate the remainder when 790607 is divided by 793.
779
What is the remainder when 381 is divided by 176?
29
What is the remainder when 248247 is divided by 44?
43
Calculate the remainder when 23835 is divided by 2161.
64
Calculate the remainder when 41654 is divided by 318.
314
What is the remainder when 664 is divided by 117?
79
Calculate the remainder when 3478 is divided by 1235.
1008
Calculate the remainder when 38362 is divided by 673.
1
What is the remainder when 12153 is divided by 18?
3
Calculate the remainder when 55849 is divided by 105.
94
Calculate the remainder when 60158 is divided by 109.
99
What is the remainder when 7102 is divided by 174?
142
What is the remainder when 13142 is divided by 4290?
272
What is the remainder when 54877 is divided by 3656?
37
What is the remainder when 5725 is divided by 5645?
80
What is the remainder when 689 is divided by 12?
5
Calculate the remainder when 8527 is divided by 147.
1
Calculate the remainder when 1586 is divided by 574.
438
What is the remainder when 7068 is divided by 6484?
584
What is the remainder when 6171 is divided by 483?
375
Calculate the remainder when 17413 is divided by 1931.
34
Calculate the remainder when 15991 is divided by 2579.
517
Calculate the remainder when 22426 is divided by 640.
26
Calculate the remainder when 11640 is divided by 457.
215
Calculate the remainder when 502611 is divided by 11.
10
Calculate the remainder when 10593 is divided by 353.
3
Calculate the remainder when 41944 is divided by 79.
74
Calculate the remainder when 12463 is divided by 2489.
18
Calculate the remainder when 453 is divided by 157.
139
Calculate the remainder when 271037 is divided by 320.
317
Calculate the remainder when 363195 is divided by 1316.
1295
Calculate the remainder when 45827 is divided by 45808.
19
What is the remainder when 121999 is divided by 250?
249
What is the remainder when 19928 is divided by 424?
0
What is the remainder when 953566 is divided by 5?
1
What is the remainder when 24743 is divided by 238?
229
What is the remainder when 1617269 is divided by 597?
593
What is the remainder when 3202 is divided by 11?
1
Calculate the remainder when 28478 is divided by 58.
0
Calculate the remainder when 4387 is divided by 546.
19
What is the remainder when 15497 is divided by 3872?
9
Calculate the remainder when 45495 is divided by 1035.
990
What is the remainder when 273991 is divided by 982?
13
Calculate the remainder when 73148 is divided by 842.
736
Calculate the remainder when 12289 is divided by 3068.
17
Calculate the remainder when 58096 is divided by 58.
38
What is the remainder when 102017 is divided by 31?
27
What is the remainder when 2648 is divided by 2604?
44
Calculate the remainder when 319 is divided by 60.
19
Calculate the remainder when 34772 is divided by 17370.
32
What is the remainder when 10197 is divided by 340?
337
What is the remainder when 2647 is divided by 427?
85
What is the remainder when 34501 is divided by 93?
91
Calculate the remainder when 49175 is divided by 16164.
683
What is the remainder when 17675 is divided by 8833?
9
Calculate the remainder when 7455 is divided by 31.
15
What is the remainder when 115447 is divided by 563?
32
Calculate the remainder when 44579 is divided by 60.
59
What is the remainder when 1290 is divided by 614?
62
Calculate the remainder when 312757 is divided by 176.
5
Calculate the remainder when 1742 is divided by 514.
200
What is the remainder when 31852 is divided by 10613?
13
What is the remainder when 72285 is divided by 651?
24
Calculate the remainder when 4572 is divided by 4376.
196
What is the remainder when 81926 is di